e 4) in base 3?
-220011020
-1dd6 (base 15) to base 10
-6501
Convert 6216 (base 11) to base 7.
33016
-14455 (base 7) to base 4
-332221
Convert 5137 (base 8) to base 16.
a5f
Convert 404211 (base 5) to base 9.
18816
What is -70 (base 15) in base 9?
-126
What is 10233 (base 4) in base 15?
153
Convert -7a (base 12) to base 4.
-1132
Convert 1045 (base 9) to base 7.
2150
Convert 222212121 (base 3) to base 7.
111055
31 (base 15) to base 12
3a
Convert 301033 (base 4) to base 5.
100101
What is -3424121 (base 5) in base 3?
-10002220020
Convert -1741 (base 8) to base 2.
-1111100001
Convert -62524 (base 10) to base 11.
-42a80
64a7 (base 11) to base 8
20613
What is 254 (base 9) in base 5?
1321
Convert -1120 (base 5) to base 12.
-114
-111211 (base 3) to base 5
-2443
What is 1214 (base 6) in base 16?
12a
What is -7695 (base 10) in base 5?
-221240
Convert 10000110110 (base 2) to base 13.
64c
What is -1555 (base 7) in base 11?
-521
3e (base 16) to base 5
222
111010001 (base 2) to base 7
1233
What is -33025 (base 7) in base 10?
-8251
What is -1110111011 (base 2) in base 16?
-3bb
1369 (base 11) to base 7
5105
616 (base 7) to base 15
157
What is -336 (base 14) in base 10?
-636
What is 100000011101 (base 2) in base 15?
937
What is -89 (base 15) in base 13?
-9c
-131031 (base 4) to base 3
-2120020
10a15 (base 11) to base 15
4a7c
131122 (base 5) to base 16
142a
-2212232 (base 5) to base 10
-38442
What is 112 (base 16) in base 13?
181
Convert -b926 (base 12) to base 8.
-47556
27253 (base 10) to base 9
41341
Convert 1ba6 (base 16) to base 2.
1101110100110
Convert -137 (base 16) to base 8.
-467
What is 2181 (base 9) in base 6?
11244
Convert -41340 (base 8) to base 15.
-5115
Convert -123121 (base 6) to base 10.
-11065
What is -48 (base 9) in base 11?
-40
210202 (base 4) to base 8
4442
127 (base 15) to base 4
10012
What is -1583 (base 11) in base 2?
-11111101011
What is -10100100011100 (base 2) in base 9?
-15383
-3a (base 14) to base 16
-34
398 (base 12) to base 14
2b2
Convert 11001111100010 (base 2) to base 6.
141254
Convert -24461 (base 7) to base 10.
-6413
Convert 425 (base 14) to base 7.
2245
-2697 (base 10) to base 8
-5211
What is -1012012 (base 3) in base 7?
-2351
Convert -155 (base 8) to base 14.
-7b
Convert 164 (base 10) to base 3.
20002
What is -110111110 (base 2) in base 3?
-121112
What is -7a8 (base 13) in base 10?
-1321
What is -202420 (base 5) in base 8?
-14722
-1404 (base 7) to base 6
-2303
Convert -126516 (base 7) to base 16.
-5d75
What is -11200222 (base 3) in base 2?
-110101100100
What is 241050 (base 6) in base 9?
31703
Convert 5047 (base 10) to base 9.
6827
420230 (base 5) to base 7
55164
What is 306013 (base 7) in base 10?
52489
What is 310 (base 9) in base 10?
252
-9809 (base 11) to base 14
-4a16
What is -38180 (base 9) in base 12?
-12a30
What is 31343 (base 6) in base 9?
5730
2045 (base 7) to base 3
222122
Convert 10001011110 (base 2) to base 5.
13433
Convert 56361 (base 7) to base 6.
145553
What is -122 (base 10) in base 15?
-82
-18b2 (base 13) to base 14
-14bc
1035 (base 6) to base 4
3233
What is -16099 (base 10) in base 3?
-211002021
5f3 (base 16) to base 11
1165
What is -7c3c (base 16) in base 15?
-9654
-53354 (base 6) to base 10
-7270
Convert 3600 (base 8) to base 10.
1920
What is 24a (base 16) in base 9?
721
-42e (base 16) to base 13
-644
Convert -a2 (base 15) to base 4.
-2120
-453a (base 15) to base 10
-14680
Convert 560b (base 13) to base 2.
10111011101010
Convert -10342 (base 6) to base 13.
-860
931 (base 12) to base 11
1002
What is 2470 (base 9) in base 10?
1845
Convert 46b (base 14) to base 15.
3d9
What is 25a (base 11) in base 6?
1231
-2222000 (base 3) to base 7
-6204
Convert 101001110001 (base 2) to base 6.
20213
Convert 1232221 (base 4) to base 3.
100201021
What is -482 (base 14) in base 7?
-2422
Convert 1637 (base 14) to base 2.
111110000001
What is 201101 (base 4) in base 13?
c7a
Convert -15bc2 (base 15) to base 11.
-4878a
What is 529 (base 13) in base 10?
880
What is 8a (base 11) in base 16?
62
What is 3992 (base 12) in base 13?
2ccc
What is 10102222000 (base 3) in base 7?
401403
Convert -1000100001101010 (base 2) to base 9.
-52812
Convert 594 (base 14) to base 13.
675
Convert -1271 (base 11) to base 13.
-9a0
Convert 64 (base 15) to base 14.
6a
Convert 12202 (base 3) to base 8.
233
What is 8271 (base 9) in base 7?
23443
What is -11011010110 (base 2) in base 9?
-2354
Convert 1010021 (base 3) to base 11.
683
What is -1641 (base 7) in base 6?
-3030
What is -11010110 (base 2) in base 14?
-114
1011111 (base 3) to base 2
1101010010
What is 10a3 (base 11) in base 5?
21234
-161 (base 14) to base 4
-10121
Convert 50447 (base 10) to base 11.
349a1
-20121131 (base 4) to base 5
-2100042
2bd (base 14) to base 12
3a7
What is cab9 (base 14) in base 12?
1834b
Convert -638 (base 12) to base 5.
-12113
Convert -66324 (base 8) to base 10.
-27860
Convert 200230 (base 4) to base 10.
2092
What is 1101000 (base 4) in base 11?
3993
What is 1331022 (base 4) in base 2?
1111101001010
What is -a9 (base 16) in base 11?
-144
What is -2112 (base 3) in base 15?
-48
111110111 (base 2) to base 11
418
1000110 (base 2) to base 13
55
Convert 6413 (base 7) to base 5.
33024
Convert -13320 (base 5) to base 9.
-1435
1608 (base 9) to base 13
731
What is 3436 (base 11) in base 2?
1000110100100
10101000100 (base 2) to base 7
3634
5216 (base 8) to base 11
2037
Convert -11061 (base 11) to base 8.
-37247
Convert -183 (base 14) to base 9.
-375
Convert 38808 (base 10) to base 9.
58210
What is 1111110010111 (base 2) in base 6?
101235
Convert 17a3 (base 15) to base 9.
7000
-7afd (base 16) to base 8
-75375
2103003 (base 4) to base 11
7086
Convert -1444 (base 9) to base 7.
-3121
What is -1155 (base 6) in base 10?
-287
What is -12ba (base 13) in base 6?
-20240
Convert 14ef (base 16) to base 14.
1d4b
709 (base 15) to base 10
1584
Convert -180 (base 11) to base 4.
-3101
What is -17b (base 15) in base 14?
-1a5
What is -a748 (base 12) in base 5?
-1041334
Convert 1118 (base 10) to base 11.
927
Convert -10000000001011 (base 2) to base 16.
-200b
-1111001100100 (base 2) to base 5
-222110
-789a (base 11) to base 5
-313034
What is -f9a (base 16) in base 14?
-1654
Convert -4161 (base 10) to base 14.
-1733
-1000100000111 (base 2) to base 5
-114414
Convert 560 (base 8) to base 16.
170
12f (base 16) to base 8
457
Convert 81 (base 10) to base 14.
5b
What is 180 (base 13) in base 3?
101010
What is -20331 (base 4) in base 2?
-1000111101
-159b8 (base 13) to base 10
-41218
What is -27313 (base 9) in base 10?
-18480
Convert -513100 (base 6) to base 14.
-10c68
What is -2006 (base 11) in base 7?
-10531
What is -3375 (base 11) in base 8?
-10526
83 (base 14) to base 9
137
Convert -424 (base 9) to base 16.
-15a
-31003 (base 4) to base 9
-1127
-1567 (base 12) to base 6
-15411
-681 (base 13) to base 5
-13434
-16f (base 16) to base 5
-2432
Convert -39710 (base 11) to base 13.
-1cab2
Convert 12223132 (base 4) to base 16.
6ade
What is -7054 (base 9) in base 16?
-1420
What is 5d86 (base 14) in base 11?
11347
What is 1a0 (base 11) in base 16?
e7
54c6 (base 13) to base 12
6a13
Convert 2141 (base 8) to base 10.
1121
Convert -ded (base 16) to base 10.
-3565
What is -1b73 (base 16) in base 7?
-26326
-16ba (base 12) to base 15
-c24
300144 (base 5) to base 15
2bd4
Convert 199 (base 15) to base 7.
1035
Convert -10412 (base 9) to base 16.
-1af0
What is 780 (base 13) in base 4?
110013
-2042 (base 6) to base 4
-13022
-1100100110010 (base 2) to base 7
-24543
What is -1623 (base 7) in base 6?
-3010
Convert 11112 (base 8) to base 10.
4682
Convert 10110110000 (base 2) to base 15.
671
b9f (base 16) to base 11
2265
What is 10003 (base 4) in base 2?
100000011
Convert 374 (base 11) to base 10.
444
What is 16b (base 12) in base 16?
e3
What is 224 (base 9) in base 6?
504
What is -3315 (base 15) in base 13?
-4c04
-33418 (base 10) to base 9
-50751
13691 (base 11) to base 10
19460
62c (base 13) to base 8
2034
What is -8549 (base 12) in base 9?
-22023
Convert 710 (base 12) to base 6.
4420
3280 (base 9) to base 12
1499
Convert 33 (base 11) to base 13.
2a
What is 506e (base 16) in base 2?
101000001101110
-155 (base 9) to base 13
-a1
-486 (base 14) to base 13
-545
What is 10010111001 (base 2) in base 8?
2271
What is 485 (base 9) in base 8?
6